 + 2*d + 48 = 0. Suppose -1857 - 1403 = -d*r. Is r a prime number?
False
Suppose -8*z = -214*z - 918558 + 4757780. Is z a composite number?
False
Let n(i) = -i**2 + 26*i - 73. Let k be n(23). Let q(f) = 174*f**2 - 8*f + 3. Is q(k) a composite number?
False
Suppose 3*w - 9 = -0*w, -22668 = -3*r - 2*w. Let z be (-14*(-15)/(-210))/(2/(-4)). Suppose -r = -4*b - z*b. Is b composite?
False
Let z(m) = m**3 - m**2 - m + 1123. Suppose 12*g - 101 - 79 = 0. Suppose 14*p = g*p. Is z(p) composite?
False
Suppose -9*w - 7346409 = -32*w + 26787592. Is w a composite number?
True
Let z = -4552 + 27165. Is z a composite number?
False
Let w = 5654 + -3065. Let a = w + -858. Is a prime?
False
Suppose 7439843 = 332*p - 13348005. Is p a prime number?
False
Is (-114)/(-4902) + 626337/43 a composite number?
True
Let m = 113 - 111. Let n(h) = 19*h**3 - h**2 - h - 3. Is n(m) prime?
False
Let y(z) = -230*z + 111*z + 385*z**2 + 31 + 112*z. Is y(6) a composite number?
True
Suppose -2*o + 3039530 = 4*x - 136852, -4*o - 2*x + 6352740 = 0. Is o prime?
True
Let a = 2594 + 80600. Is a prime?
False
Let j be (0 - -1)/((-88)/33 - -3). Is 0 + (7 - j) - 3 - -1318 prime?
True
Let g be ((-6)/4)/((-1)/(-52)). Suppose 14*r - 1621 = 2425. Let v = g + r. Is v a composite number?
False
Let h be 38/247 + (-28784)/13. Let m = h + 4417. Is m composite?
False
Is (-106)/(-424)*(-1 - -271709) a composite number?
False
Let t(c) = 10*c**2 - 6*c + 24. Let w be t(3). Suppose w*j - 54722 = 94*j. Is j a composite number?
False
Let i(l) = -51 + 498*l - 520*l + 25*l**2 + l**3 - 2*l**3. Let z be i(24). Is ((-8169)/(-28))/(z/(-8)) prime?
False
Let x(d) = d**2 - 41*d + 113. Let w be ((-6)/12)/(2/148). Is x(w) prime?
True
Let l(m) = 80574*m + 16280. Is l(9) composite?
True
Is ((-159632)/352)/((-1)/34) a prime number?
False
Let i(n) = 344*n**3 + 29*n**2 + 18*n - 302. Is i(11) prime?
True
Let w(n) = 414*n**2 - 15*n - 56. Suppose -o = -b, -3*o + 4*o + 4*b = -25. Is w(o) a prime number?
True
Is (9/(-69))/((-27)/(-18)) - 1014408/(-184) composite?
True
Let w(a) be the second derivative of 1390*a**4/3 + a**3/6 - 2*a**2 - a + 37. Is w(1) a composite number?
False
Is (-6)/(-9) + 23867470/66 + 22 a prime number?
True
Let i be (-6 - (-187)/33)*-98502*1. Suppose 5*p + 24631 = 8*p - 5*u, -3*u - i = -4*p. Is p a prime number?
False
Suppose -7*g - 21 = 0, -43*z + 2177331 = -40*z + 2*g. Is z a prime number?
False
Let r be 3/5*1*10/2. Suppose -5*d = -r*q + 8, 0 = 4*d - 0 - 8. Suppose 5535 = q*u - 3*u - 2*i, i - 7391 = -4*u. Is u a composite number?
False
Let o(w) be the third derivative of 725*w**4/24 + 31*w**3/3 + 219*w**2 - 1. Is o(15) a composite number?
False
Let d be -1*((-48)/(-40))/((-2)/15). Suppose -3*r - d = 0, -4*r - 1863 = -3*v - 5151. Let k = v + 1551. Is k prime?
False
Suppose 3*h - 4*h = 21. Let n = 23 + h. Is 10/n + -6 + 474 prime?
False
Suppose i + 0*i + 30 = 0. Let o be (464/10)/(i/(-75)). Suppose -3*r + 637 = -o. Is r composite?
False
Suppose -31*f + 3912 = -28*f. Let a = f + -591. Is a a composite number?
True
Let l be 1 + (2 - (0 + 1)). Suppose 4539 - 4501 = 19*q. Is (3 - 2)/(l*q/4436) prime?
True
Suppose 5*j - 15 = 2*j - 3*h, 4*j = -2*h + 18. Suppose 5*o = -r - j*r + 2935, 1761 = 3*r - 3*o. Is r prime?
True
Suppose 4328 - 19948 = -20*q. Is q a composite number?
True
Suppose 4*j = 3*u - 165, u - 248 = -3*u - 4*j. Suppose u = b - 363. Suppose 2*d + d + b = q, -3*q - 2*d = -1255. Is q a prime number?
True
Suppose 0 = 3*h - 22 - 8. Let d = h + -8. Suppose 3*n = 2*n - d*o + 77, -3*n + 5*o = -275. Is n a composite number?
True
Suppose -4*z + 210708 = -9*d + 13*d, -263393 = -5*d - 3*z. Suppose 22*v - 157353 = d. Is v composite?
False
Suppose -5*r + l = -348424 - 769454, l = -r + 223584. Is r composite?
False
Let g(z) = 2*z - 3*z + 0 - 1. Let u be g(11). Let s(l) = l**3 + 16*l**2 - 18*l - 11. Is s(u) a prime number?
False
Let j be 2891/649 - 12/(-22). Is (-9)/3 + (203 + j)*43 a composite number?
False
Suppose -21*r + 17*r - 2164 = 0. Let a = r - -138. Let x = 5264 + a. Is x prime?
True
Let z(y) = -407*y - 112. Is z(-19) a prime number?
True
Let m(n) = -375*n**3 - 20*n**2 + 21*n - 4. Let p be m(19). Is 4/22*1 - p/242 composite?
False
Let g be (-6)/(-4)*(-24)/(-9). Let x(l) = -l**2 + 11*l - 26. Let o be x(8). Is (2/o)/(-1)*(723 - g) composite?
False
Let m be (-26)/104 + (-17111)/4. Is (3 - -2) + 0 - (m + 0) a composite number?
False
Let t = 42 - 39. Suppose t*o - 64545 = 20856. Suppose 9*q + 0*q - o = 0. Is q composite?
False
Let w(q) = 10*q**3 + 3*q**2 - 7*q - 11. Let d be -3 - (7 + (-16 - -1)). Is w(d) a prime number?
True
Suppose 2*k - k - 2910 = 4*p, -k + p = -2910. Suppose -9*u + k = 1029. Is u a prime number?
False
Let s(z) = 36*z**2 + 4*z - 11. Let k be s(10). Suppose 6*f = 25*f - k. Is f a prime number?
True
Is ((-15)/12)/(15/(-12) + 1) - -36984 a composite number?
True
Let t(p) = -17*p - 40. Let o be t(-4). Suppose o*l - 31*l + 22362 = 0. Is l a composite number?
True
Let f(p) = 219*p - 30. Let x be f(-4). Suppose -d + 6*d = -2525. Let n = d - x. Is n a composite number?
False
Is (-3)/(-48)*-2 + 15567574/304 composite?
True
Suppose 0 = 2*w - 7*w - 25. Let l(c) = -20*c - 5. Let p be l(w). Let v = p - -4194. Is v a composite number?
False
Let o = 2555298 - 1814563. Is o prime?
False
Let k(r) = 3297*r**2 + 25*r. Let c be k(3). Suppose 2*d - 4*d = 2*m - c, -4*d + 5*m = -59541. Is d composite?
False
Let x(w) be the first derivative of w**3 + 4*w**2 + 39*w - 21. Let k be x(-16). Let a = -232 + k. Is a a prime number?
False
Let x(h) = 176*h - 25. Let r(q) = q - 1. Let o(c) = 2*r(c) + x(c). Let k(s) = 1. Let v(a) = 2*k(a) + o(a). Is v(6) composite?
True
Let a = 51285 - 24812. Is a a prime number?
False
Let t(q) = 2*q - 10. Let g be t(11). Let i(o) = -43*o + 26*o**2 - g + 84*o - 38*o. Is i(7) a prime number?
True
Let x = -3243 + 10112. Suppose 5*c = -18 + 73. Is x - c/((-22)/(-8)) a composite number?
True
Let t(z) = 297*z**2 - 16*z + 291. Is t(32) composite?
False
Let q(g) be the first derivative of -g**2 + 39*g + 60. Is q(-6) a composite number?
True
Let z be 123 + 0 + -10 + 4. Is 4/(-26) + 448479/z a composite number?
False
Let i(q) = 103*q**3 + 14*q**2 - 26*q - 53. Is i(14) prime?
False
Suppose 432836 + 139184 = -20*q. Let j = -20100 - q. Is j a prime number?
True
Let m(x) be the first derivative of x**4/4 - 4*x**3/3 + x**2 + 20*x - 35. Let z = 29 + -16. Is m(z) prime?
True
Is (223032/20)/3*5/2 prime?
True
Suppose 2*t - 2*n = -7*n + 1199467, -4*n = 4*t - 2398952. Is t a composite number?
False
Suppose -21*n - 88*n + 5662851 + 21598376 = 0. Is n a composite number?
True
Let u be 8/(-20)*(-432045)/18. Let y = -1880 + u. Is y prime?
False
Let u = 2 - -1. Suppose 4*x - u*g = -0 + 4, 0 = -4*x - g - 12. Is 7*(2 + 7 - x) a composite number?
True
Let n(y) = 4*y**3 + 102*y**2 + 19*y - 36. Is n(-25) composite?
False
Let z = 4946 + -3674. Let d(n) = 250*n**2 + 4*n + 1. Let q be d(-3). Let s = q - z. Is s a composite number?
False
Let z = 452560 + -229665. Is z a composite number?
True
Suppose -61 + 1 = -10*k. Suppose k*n + 4732 = -n. Let r = n + 1791. Is r a composite number?
True
Suppose 11*d = 21 + 34. Suppose 0*n - 4*n = 0, 3*h - 70251 = -d*n. Is h a prime number?
True
Let z be 21/(-1) - 70/10. Is 8/z + 1*144769/7 prime?
True
Let f = -33 - -36. Suppose -f*d = 15, -4*a + 5*d - 2190 = -8979. Suppose -4*j + 5829 = 5*r, 3*r + a = 4*j - 4162. Is j composite?
True
Let v(r) = 15*r**2 - 8*r - 7. Let l(d) = -31*d**2 + 17*d + 14. Let q(n) = 6*l(n) + 13*v(n). Let s be q(-4). Is (-8 - (3 + -5))*s/(-10) composite?
True
Suppose 3*c + 59 = 2*d, -5*d = 3*c + 35 - 4. Let j = c + 21. Suppose 0 = -2*f + 5 + 1, 4*f - 8648 = -j*m. Is m a prime number?
False
Is ((-122286125)/(-650))/((-2)/(-4)) a composite number?
True
Suppose -5*c + 90 = -0*c. Let t(j) be the first derivative of -j**4/4 + 8*j**3 - 21*j**2/2 + 31*j - 56. Is t(c) a prime number?
True
Let t = 159 - 161. Let f(p) = -1442*p**3 + 3*p**2 + 7*p + 5. Is f(t) a composite number?
True
Let a(g) be the second derivative of -g**5/20 - g**4 + g**3/3 - 15*g**2 - g. Let j = -735 + 722. Is a(j) prime?
True
Suppose 7*j - 10*j - 3 = 0. Is (-3)/(j/4 + (-2998)/(-12088)) a prime number?
True
Let s(i) = 14*i**3 + i**2 - 11*i + 33. Let f be s(6). Let x = f + 4654. Is x prime?
True
Suppose -